(0) is divided by 16.
15
Suppose 24 = 4*m - 3*m. Calculate the remainder when m is divided by 9.
6
Suppose -u + 2*y = 0, 4 = 3*u - 2*y - 2*y. Let a be 3*((-22)/(-6) - 2). Suppose 3*b = -a*c + 1, 3*c + 4*b = 2*b. Calculate the remainder when u is divided by c.
0
Let q = -1 + 7. Suppose 5*a - 10 = 0, -2*n + 18 + 10 = -3*a. What is the remainder when n is divided by q?
5
Let b = 8 - -8. Let f = b - 8. Let a(d) = -32*d - 1. What is the remainder when a(-1) is divided by f?
7
Calculate the remainder when 33 is divided by 27*(0 - 10/(-15)).
15
Suppose 10*q - 25 = 9*q. What is the remainder when 74 is divided by q?
24
Let g(r) = 4 + 0*r + 33*r - 12*r. Calculate the remainder when g(3) is divided by 17.
16
What is the remainder when 96 is divided by ((-825)/50)/((-2)/4)?
30
Suppose -2*i = 2*i - 244. Let k = 85 - i. Suppose 308 = 65*u - 277. What is the remainder when k is divided by u?
6
Let j(z) be the first derivative of -z**3/3 - 3*z**2 + 5*z - 1. Calculate the remainder when 17 is divided by j(-5).
7
Let p = 28 + -26. Let f = -16 + 19. What is the remainder when f is divided by p?
1
Let f = 8 + 39. What is the remainder when f is divided by -1 - ((2 - 3) + -25)?
22
Suppose 3*u = -40 + 4. Let m = 17 + u. Suppose 2*p - 18 = -2*y, -4*p = 3*y - 13 - 10. What is the remainder when y is divided by m?
3
Let k = 7 + 44. What is the remainder when k is divided by 15?
6
Let u be 1/4 + (-21)/(-12). Suppose 0 = o - u*o + 3. Suppose 36 = 4*r + s, -4*r - r - 5*s + 45 = 0. Calculate the remainder when r is divided by o.
0
Suppose -d - 5 = -n, -3*n - 4*d + 8 = -7. Suppose n*g + 0*g = 20. Let j = g + -2. What is the remainder when 5 is divided by j?
1
Let f be 3/9 + (-17)/(-3). Let d be 0 - 2/(f/(-9)). Suppose -d*s + 114 - 3 = 0. What is the remainder when s is divided by 13?
11
Suppose a = -0 + 4. Let s(i) = -a*i + 3 - 15 + 8*i. What is the remainder when s(9) is divided by 9?
6
Suppose 4*j - 2*l = 104, 76 = 3*j + j + 5*l. What is the remainder when 94 is divided by j?
22
Let t(g) = -4*g + 3. Let h be t(4). Let u = h + 23. What is the remainder when 18 is divided by u?
8
Suppose 5*u - 400 = 3*u. What is the remainder when 26 is divided by 4/(-14) - u/(-14)?
12
Let t = -29 + 2. Let u be (1 - (4 + -1)) + 0. Let k = u - t. What is the remainder when k is divided by 9?
7
Let f = -5 + 2. Let b(s) = s + 2. Let q be b(f). Let j(z) = -2*z. Calculate the remainder when j(q) is divided by 2.
0
Let d = 19 - 3. Calculate the remainder when 31 is divided by d.
15
What is the remainder when 2/(-13) + (-660)/(-65) is divided by 3?
1
Suppose -2*q - 2*q = -36. What is the remainder when 14 - (6 - 2 - 5) is divided by q?
6
Let g(k) = k**3 + 5*k**2 - 8*k + 1. Calculate the remainder when 23 is divided by g(-6).
10
Let n be -141*2/(-3) - -1. Suppose -n = -2*g + 5*c - 26, 5 = c. What is the remainder when g is divided by ((-80)/(-25))/(2/10)?
15
Let l be (-1 - -7)/(1/(-11)). Calculate the remainder when 52 is divided by ((-2)/(-6))/((-2)/l).
8
Calculate the remainder when -2 + 1 + (3/1 - -115) is divided by 24.
21
Let w(t) = t - 7. Let r be w(11). Suppose -5*b + 4*g + 29 = 0, 2*b - r*g - 9 = 5. What is the remainder when 8 is divided by b?
3
Suppose -3*o = -5*l + 54, 2*l = -5*o - 0 + 3. Let g = -1 + 6. Calculate the remainder when l is divided by g.
4
Let h = 13 - 3. What is the remainder when h is divided by 6?
4
Let r(o) = -5*o + 4. Calculate the remainder when r(-9) is divided by 25.
24
Suppose -4*b = -2*b - 6. Let g(o) = o**2 + 3. What is the remainder when g(b) is divided by 7?
5
Let u(a) = -23*a**2 - a. Let n be u(-1). Calculate the remainder when (n + 3)/(-3 + 2) is divided by 11.
8
Suppose 2*s - 4*h + 2 + 4 = 0, 3*s = 4*h + 1. What is the remainder when (20/(-15))/((-2)/18) is divided by s?
5
Let l = 114 + 68. Calculate the remainder when l is divided by 46.
44
Let n(u) = -u**2 + 8*u. Suppose l - 30 = -4*l. Suppose l*p - 20 = 2*p. What is the remainder when n(6) is divided by p?
2
Let m(p) = -p**3 + 11*p**2 + 4*p - 10. What is the remainder when m(11) is divided by 11?
1
Let d = -33 - -68. Let r(f) = f**3 - 6*f**2 + 8*f - 3. Calculate the remainder when d is divided by r(5).
11
Let l = -107 + 218. What is the remainder when l is divided by 28?
27
Let k(l) = 4*l + 1. Let v = -13 - -19. What is the remainder when k(5) is divided by v?
3
Suppose -3*c - 35 = 3*l + 52, -c = 3*l + 89. Let j = l + 60. Calculate the remainder when 87 is divided by j.
27
Suppose 0 = -j - 3*j + 8. Suppose 2 - 10 = -2*w, 3 = p - j*w. Calculate the remainder when p is divided by (-57)/(-9) - 3/9.
5
Let z(h) = 2*h + 2. Let d(b) = -b**3 + 6*b**2 - 6*b + 4. Let n be d(5). Let u be n/(3/12*-1). What is the remainder when z(u) is divided by 6?
4
Let l(j) = -j**3 - 2*j**2 + 5*j - 8. Calculate the remainder when l(-5) is divided by 3.
0
Let f(t) = -t**3 - 2*t**2 + t - 1. What is the remainder when f(-4) is divided by 7?
6
Suppose 4 = -4*a - 20. Calculate the remainder when 15 is divided by ((-4)/a)/((-4)/(-48)).
7
Let z(x) = 12*x - 24. What is the remainder when z(10) is divided by 33?
30
Suppose 4*g - 2*g = 2*b - 82, 3*b + 4*g = 102. Suppose 2 = 3*q - 16. Let z = 7 + q. What is the remainder when b is divided by z?
12
Let x = 4 - -1. Suppose 3*m + x = 4*m. What is the remainder when 13 is divided by m?
3
Let p(x) = -x**2 - 13*x + 18. Let a be p(-14). Suppose 2*b + a*d - 108 = 0, 0 = -2*b - 4*d + d + 106. Calculate the remainder when b is divided by 13.
11
Let l be 4 - 4 - 1*-3. What is the remainder when 47 is divided by -2 + 1 - -20 - l?
15
Let f = 15 + 20. Suppose -f = -4*r + 53. What is the remainder when 43 is divided by r?
21
Let c be ((-14)/4 - -1)*-4. Suppose 4*i - c = 3*y + 9, -i = -5*y + 8. Calculate the remainder when i is divided by 3.
1
Let v be ((-465)/9)/(1/(-3)). Suppose v = 5*p - 5*k, p - 23 = -2*k - k. What is the remainder when p is divided by (-4)/(-5)*(-25)/(-2)?
9
Suppose -2*n + 12 = -0*n. Let h(a) = a - 3. Let d be h(6). Suppose 51 = -0*x + d*x. Calculate the remainder when x is divided by n.
5
Let p be (-3)/9 + (-61)/(-3). Suppose -3*g + 2*g - p = 5*l, 5*g = -5*l. Let j = -2 - -10. What is the remainder when j is divided by g?
3
Suppose 2*u - 24 = -0*u + 2*f, 2*u - 26 = f. Let g(h) = -h**2 - 6*h - 5. Let p be g(-4). Let d = u - p. Calculate the remainder when 31 is divided by d.
9
Let u(b) = 2*b - 1. Let f be (3/(-4))/((-13)/52). What is the remainder when u(f) is divided by 2?
1
Let x(o) = o**2 - 5*o - 10. Let c be x(7). Suppose c*m - 105 = 15. What is the remainder when m is divided by 16?
14
Suppose 0 = 4*c - 2*c - 170. What is the remainder when c is divided by 22?
19
Let c(r) = r**3 - r**2 - r + 12. Suppose 0 = 5*y - 136 - 54. Suppose -y = -5*l + 67. What is the remainder when l is divided by c(0)?
9
Let h(o) = 3*o - 30. What is the remainder when 44 is divided by h(13)?
8
Suppose 0 = 2*q - 3*q. Suppose o - 3*o + 3*d + 92 = 0, q = 2*d + 4. Suppose 3*a + 10 = 43. Calculate the remainder when o is divided by a.
10
Let m(w) = 2*w + 7. Let t be m(-5). Let j(x) = x**2 - 2*x + 1. What is the remainder when j(t) is divided by 9?
7
Suppose -c - 20 = -r, -2*r + 3*c - 12 = -3*r. Calculate the remainder when 35 is divided by r.
17
Suppose 0 = -4*r + 8*r - 196. Calculate the remainder when r is divided by 17.
15
Let h be -17*1/(2 + -3). Suppose -4*y - 3*k - h + 64 = 0, -3*k - 52 = -5*y. What is the remainder when 21 is divided by y?
10
Let k = 26 + -1. Let q(t) = -18*t - 4. Let p be q(12). Calculate the remainder when k is divided by 9/(-12) + p/(-16).
12
Let b = 6 + 14. Suppose 4*t = -k + 18, 0 = -4*t + k - 3*k + 20. Suppose -t*c - 10 = -38. Calculate the remainder when b is divided by c.
6
Let f(a) = -9*a + 5. Calculate the remainder when f(-6) is divided by 15.
14
Suppose 4*o + 3 - 5 = 3*k, -2*k + 6 = o. Let f(b) = b - 2. What is the remainder when 12/(o - (-3)/(-6)) is divided by f(5)?
2
Let i = 47 + -41. What is the remainder when i is divided by 2?
0
Suppose -3 = -2*j + 7. Let f(b) = b. Let m be f(j). What is the remainder when 9 is divided by -2 - (-3 + 1 - m)?
4
Let j(t) = -t**2 + 13*t - 21. What is the remainder when 37 is divided by j(8)?
18
Let o = 5 - 8. Let k = 1 + o. Calculate the remainder when 43 is divided by 30/(-4)*k/1.
13
Calculate the remainder when 112 is divided by (